 -12*u**3 + 2*u**2 - 1. Calculate p(h).
-11
Let c(q) = -4*q**3 + 15*q**2 + 11*q - 16. Let k(l) = 7*l**3 - 29*l**2 - 24*l + 31. Let b(n) = 5*c(n) + 3*k(n). Determine b(13).
-39
Let h(y) = 37*y**3 + 23*y**2 + 16*y - 2. Let l(b) = 105*b**3 + 69*b**2 + 49*b - 6. Let q(x) = 17*h(x) - 6*l(x). Give q(-22).
2
Let t(h) = h + 4. Let z(u) = -2*u + 9. Let m be z(5). Let l be 29 - (-3 - (m + 1)). Let s = l - 35. Determine t(s).
1
Let o(w) = 5*w**2 + 2*w - 6. Let z(t) = 14*t**2 + 7*t - 18. Let c(d) = 17*o(d) - 6*z(d). Give c(6).
-6
Let x(s) be the third derivative of -s**5/60 + 5*s**4/24 - 7*s**3/6 + 2*s**2. Let v(o) = 5*o**2 + 2*o - 1. Let i be v(1). What is x(i)?
-13
Let r(k) = k**2 - 29*k + 0*k + 18 + 28*k. Determine r(0).
18
Let y(r) = r**2 + 2. Let m be 20/80 - (-34)/(-8). What is y(m)?
18
Suppose 19 = 2*u + s, 7*u - 17 = 5*u - 3*s. Let h(q) = q - 9. Let a(y) = -2*y + 17. Let w(c) = -3*a(c) - 5*h(c). Determine w(u).
4
Let f(n) = 3*n**2 + 4*n + 2. Suppose -2*m = 70 + 40. Let x = 53 + m. Give f(x).
6
Let g be ((1 - 1)/1)/(34 + -36). Let m(d) = g*d + 2*d - 4 + 11 - 1. What is m(-6)?
-6
Let s(q) be the third derivative of 13*q**5/30 + q**4/8 - q**3/3 + 19*q**2 - 2*q. What is s(1)?
27
Let o(p) be the second derivative of p**7/840 - p**6/45 + 7*p**5/120 + p**4/4 - 3*p**3/2 - 14*p. Let u(d) be the second derivative of o(d). Determine u(7).
6
Suppose -7*t + 31 = -3*t - w, -2*t = w - 17. Let b(f) = 760 - 385 - f**2 + 11*f - 385. Determine b(t).
14
Let c = 15 + -8. Let m = c + -3. Let z(d) = d**2 + 5*d - 1. Let o(b) = -2*b**2 - 5*b. Let h(w) = -2*o(w) - 3*z(w). Determine h(m).
-1
Suppose -22*j = 19*j + 328. Let x(l) = -l**2 - 4*l + 6. Determine x(j).
-26
Let b(x) = 15 - 14 - 3 + 3*x + x**2. Calculate b(-3).
-2
Suppose 10 = 2*n - 0*n, 2*n = 2*u + 6. Suppose 11 = 4*b + 5*l - 17, -18 = -3*b - 3*l. Let y(s) = -1 + 5*s**2 - 5*s**2 - s**3 - 2*s + 3*s**b + 0. Calculate y(u).
-1
Let l(c) = -4*c**3 - 5*c - 4. Let w(n) = -n**3 - n - 1. Let k(g) = -l(g) + 5*w(g). Suppose 0 = -4*z + 3 + 13. Suppose -4 = z*a + 4. Give k(a).
7
Let i(y) = -1105*y + 2218*y - 1112*y - 6*y**3 - 1 + y**2. Calculate i(1).
-5
Let m(g) = -8*g - 1. Let v(r) = -20*r - 2. Let z(q) = 8*m(q) - 3*v(q). What is z(-5)?
18
Let p(u) = u**3 - 6*u**2 + 8*u - 3. Suppose 2*h - 4*x - 8 = -2*h, -4*h + 3*x + 11 = 0. Give p(h).
12
Let k(a) be the second derivative of -a**4/4 - 5*a**3/6 + 2*a**2 - 5*a. Let h(w) = w**2. Let p(s) = -5*h(s) - k(s). What is p(3)?
-7
Let i(s) = s**2 + 14*s - 5. Suppose -165 = 9*q - 111. Calculate i(q).
-53
Let l(k) = 0 + 0 + 2*k - 3*k. Suppose 0 = -2*b + 2, 0 = 2*t - 5*b + 14 + 13. Let g = t + 11. What is l(g)?
0
Suppose j + 30 = -4*j. Let y be ((-4)/20)/((-8)/(-20))*-78. Let n(s) = -y*s + 34*s - s**2 - 3*s**2 + 3*s**2 - 2. Give n(j).
-8
Let m(v) = v**3 + 9*v**2 - 10*v. Let s be m(-10). Suppose s*t = t. Let b(f) = -5 + 8 + t - f. What is b(6)?
-3
Let a be ((-4)/(-2))/((-11 + 5)/(-3)). Let c(h) = h - 3 + a + 1. Calculate c(2).
1
Suppose 231*k = 240*k + 54. Let h(i) = 3*i + 23. Give h(k).
5
Let v(q) = 4*q - 5*q - 1 - 1 + 12. Give v(10).
0
Let z = 0 + 6. Let g(s) be the first derivative of s**4/12 - s**3 + 3*s**2 - 17*s + 28. Let h(d) be the first derivative of g(d). Determine h(z).
6
Let i(u) = u**2 - 5*u - 6. Let z = -115 + 114. Let k be z + -1 - (5 + -12). Determine i(k).
-6
Let a(l) be the third derivative of -l**5/20 - l**4/12 - 2*l**3/3 - 22*l**2. Let c(m) = 4*m**2 + m + 5. Let h(t) = -3*a(t) - 2*c(t). Determine h(-4).
2
Let m(g) = g**3 - 7*g**2 + 7*g - 6. Let a = 68 + -64. Let j be a + -8 + 0 + 9. What is m(j)?
-21
Let t(s) = 7*s**3 + 9*s**2 - s - 11. Let g(c) = 4*c**3 + 5*c**2 - 6. Let b(v) = 5*g(v) - 3*t(v). What is b(-2)?
-3
Let i(y) = -2*y - 13. Let b(u) = -u - 6. Let z(w) = -5*b(w) + 3*i(w). Suppose 7*f - 114 = 5. Let n = -21 + f. Give z(n).
-5
Let o(j) = 4*j**3 - 15*j**2 - 3*j + 4. Let z(y) = -11*y**3 + 44*y**2 + 8*y - 10. Let t(d) = -8*o(d) - 3*z(d). Calculate t(12).
-2
Let y(p) = p**2 + 2*p - 12. Let l be y(-5). Let s(v) = -v**3 + 6*v**2 + 2 - 2*v**2 - 3 - 2*v**2 + l*v. What is s(3)?
-1
Let v(b) be the first derivative of -b**2/2 - 9*b - 115. Give v(0).
-9
Let m(s) = 4*s - 303 + 329 + 4*s. Let c be m(-4). Let n(g) = 2*g + 9. What is n(c)?
-3
Let w(p) = -p**2 + 6*p - 9. Suppose 4*j = 2*z + 24, -37 - 7 = 4*z - 4*j. Let g be (12/10)/(z/(-50)). Give w(g).
-9
Let o(n) = n + 1. Let t(s) = -2*s - 1. Let f(v) = -3*o(v) - 2*t(v). Suppose -13*m - 10 = -11*m. Determine f(m).
-6
Let n(i) = -14*i + 4. Let o(d) = -5*d + 1. Let x(a) = -6*n(a) + 17*o(a). Calculate x(-4).
-3
Let p(s) = -2*s + 36 - 5 - 13 - s**3 + 3*s**2 - 21. Give p(3).
-9
Let i(g) = 4*g - g - 11 - 4*g - g. Calculate i(-9).
7
Let k be 6/(1/(-1) - -3). Suppose -k*t + 9 = 0, -5*m + 39 = t - 4. Let b be (-4)/m*4 - -8. Let v(o) = o**2 - 3*o - 6. Give v(b).
12
Let m(b) = -b**2 - b - 1. Let i = 41 - 25. Suppose -54 = -2*v - i. Suppose 1 - 11 = -2*r - 4*x, 4*r - 5*x + v = 0. What is m(r)?
-1
Suppose 5*j - 14 = -3*f, 4*f + f - 17 = -2*j. Let c(y) be the second derivative of -y**4/12 + 2*y**3/3 + 3*y**2/2 + 2870*y. What is c(f)?
6
Let n(u) = -2*u**3 - 4 + 3*u**3 + u**2 - u + 9. Let o be (-2 - -2)*(72 - 71). Calculate n(o).
5
Let b = 118 + -109. Let w(j) = j**3 - 9*j**2 - 7. Give w(b).
-7
Let n = 9 - 15. Let u = n + 12. Let h(w) = 3*w - 31. Let o(x) = x - 10. Let j(f) = 2*h(f) - 7*o(f). Determine j(u).
2
Suppose -18*j + 15*j = 291. Let z = 93 + j. Let x(g) = g**3 + 5*g**2 + 2*g - 1. Calculate x(z).
7
Let n(j) be the third derivative of -j**5/30 + 5*j**4/24 - j**3/6 + 3*j**2 + 51. Give n(4).
-13
Let h(k) = -k**3 + k - 2. Let p = -20 - -15. Let v = 7 + p. Suppose v*y = -4*s + 2, -11 = 2*s + s - y. Give h(s).
4
Let j(t) = t + 2. Let c(b) = 10*b - 30. Let p be c(3). Give j(p).
2
Suppose 0*v + a + 19 = 4*v, 0 = -4*v + 5*a + 15. Let f(x) = 2*x**2 - 4*x + 1. Give f(v).
31
Let z = -4 - -3. Let d(m) be the third derivative of m**6/120 + m**4/12 + m**3/6 + 37*m**2. Calculate d(z).
-2
Let u(z) = -z**3 - 6*z**2 - z - 4. Suppose -4*w - 1 - 5 = -5*h, -5*h + 3*w + 7 = 0. Suppose 0 = -j + 1 - 0, h*j + 4 = -n. Determine u(n).
2
Let m(j) = 2*j**2 - 4*j + 1. Let o be 14*(1 - 0 - 0). Suppose -o*w + 18 = -8*w. Give m(w).
7
Let p = -4 - -6. Suppose 4 = -c - p. Let f(n) = -n + 2*n + n - n + 5. Calculate f(c).
-1
Suppose 3*o + 0*o = -15. Let f(m) = 2253 - 12*m + 4*m - 2257 - 2*m**2. Calculate f(o).
-14
Let h(x) = -152 + 7*x**2 - x + 151 + 0*x**2 + 5*x**2. Give h(1).
10
Let d(r) be the third derivative of -r**7/840 + r**6/90 - r**5/40 - 3*r**3/2 + 17*r**2. Let m(u) be the first derivative of d(u). Determine m(2).
2
Suppose -4*l + 41 = 2*h - h, -2*l + 10 = 0. Let q = h - 20. Let m(x) = -15*x**2 + x - 1. What is m(q)?
-15
Let t(i) = -2*i**2 - 2*i. Let a(g) = -g**3 - 2*g**2 - 3*g. Let w = -38 - -41. Let n(q) = w*a(q) - 4*t(q). What is n(1)?
-2
Let l = 113 + -119. Let z(v) be the third derivative of -v**4/24 - 3*v**3/2 + v**2. Let f be z(l). Let a(i) = i**3 + 2*i**2 + 1. What is a(f)?
-8
Let a(d) = -10*d**2 + 2*d + 1. Let p be (-38)/(-4)*(1 + -3). Let q = p - -21. Suppose n - 1 = -q. Give a(n).
-11
Let k = 127 - 123. Let s(b) = -7*b**2 - 4*b - 11. Let d be ((-6)/5)/(1/(-5)). Let q(o) = 13*o**2 + 7*o + 21. Let r(y) = d*q(y) + 11*s(y). Calculate r(k).
13
Let b(t) = -9*t + 7. Let n(c) = 4*c - 1. Let y(v) = 3*b(v) + 7*n(v). Give y(-11).
3
Let y be 3*-1*(-2 + 1). Let u(v) = -5*v**2 - 1 + 13*v**2 + 4*v - 4*v**2 - 5*v**2 + 0*v**2. Calculate u(y).
2
Let i(b) be the second derivative of -b**3/3 - 7*b**2 - 3*b - 2. Calculate i(7).
-28
Let t(s) be the first derivative of -s**4/4 - 8*s**3/3 + 11*s**2/2 + 19*s - 936. Determine t(-9).
1
Let h(b) = b**2 + 3*b - 4. Suppose 14*c = 11 + 3. Let g be c + (-7)/(7/4). Calculate h(g).
-4
Let c(u) = 6 + u**2 - 7774*u + 7774*u. Let x be (-5 - -5)*2/4. Determine c(x).
6
Let a(l) = -l. Let w(y) = -3*y - 7. Let t(g) = -a(g) + w(g). Suppose -4*x + 49 = -11*x. Give t(x).
7
Let w = 3 - 2. Let c(m) be the second derivative of -m**5/5 - m**4/6 + m**3/3 - m**2/2 + 5*m - 956. Give c(w).
-5
Let k(m) = 10*m**2 - 1. Let u(y) = 9*y**2 - 1. Let r(d) = 4*k(d) - 5*u(d). Suppose -j = 4*j - 30. Suppose 2*z - j = 0, v + 3*z - 12 = -2*v. Give r(v).
-4
Let q(g) = g + 15 + 3*g + 4*g**2 - 16 - 4*g. Give q(-2).
15
Let f(x) = 15 + 15 - 112 + 5*x - 7. Give f(19).